*z(i). Give d(-2).
1
Let w(k) = -k**3 + 8*k**2 - 4*k - 10. Let s = 101 + -6. Let n be 646/s + -1*1/(-5). Calculate w(n).
11
Let f(b) = -2*b**2 + 3*b + 3*b**2 - 4*b. Suppose -6*j + l = -2*j - 2, -3 = j - 2*l. Let i be (j - -2)/(3/(-2)). What is f(i)?
6
Suppose 0 = -5*o - 2*c - 29, c + 16 + 6 = -4*o. Let t(b) = b**3 + 5*b**2 + b + 6. What is t(o)?
1
Let x(s) = s**2 + s - 1. Let q(o) = -9*o - 76. Let f be q(-8). Calculate x(f).
11
Let m(f) = -f**2 - 5*f - 3. Let n = -23 - -27. Suppose 0 = 3*s - 5*d + 21 + 17, -3*s = n*d + 2. Calculate m(s).
-9
Let u(s) = -3*s**2 + s - 1. Suppose -3*t = -2*b - 1, -5*t - 3*b + 5 = -3*t. Suppose 5*j + t = 6. What is u(j)?
-3
Let i(z) = -13*z**2 - 5*z + 17. Let f(r) = 7*r**2 + 2*r - 8. Let p(t) = 11*f(t) + 6*i(t). Let o be ((-1)/2)/(1/20). Calculate p(o).
-6
Let t be 1/(-8) - (-7)/(-8). Let n(g) = -3*g**2 + 3*g - 11. Let l(k) = k**2 - k + 1. Let i(f) = t*n(f) - 2*l(f). Determine i(0).
9
Let z(t) be the first derivative of t**4/4 - 4*t**3/3 - t**2/2 - 2*t - 89. Determine z(5).
18
Let s(q) be the second derivative of -q**3/6 - 25*q**2/2 - 4*q. Let c(a) = a + 24. Let p(u) = -5*c(u) - 4*s(u). What is p(0)?
-20
Let w be ((-40)/(-12))/(-5)*30*-1. Let l be 3*(-5 + 2 - w/(-12)). Let j(s) = 5 + 5*s**2 + 4*s**3 - 4 + 4*s - 3*s**3. Determine j(l).
1
Suppose -4*q = b - 2*b - 11, 0 = b + q + 11. Let a = b - -17. Let k(o) = -5*o - o**3 - 7 + 3*o - a*o**2 + o. What is k(-6)?
-1
Suppose 0 = -57*j + 63*j + 24. Let k(p) be the third derivative of p**4/12 + p**3/6 - 2*p**2. Calculate k(j).
-7
Let b(h) = -25*h - 3. Let n(q) = 12*q + 2. Let y(x) = -3*b(x) - 5*n(x). Suppose -16*m + 5*v - 15 = -11*m, -2*m - 12 = -5*v. What is y(m)?
-16
Let j be 3/(-3) - -2 - -1. Let l be 1 - (3 + -4)/1. Let g(v) = -l - v**3 - 6*v**2 + 0*v + 9*v**2 - j*v. Give g(2).
-2
Let k(t) = -t**3 + 6*t**2 - 2*t - 4. Let f be 10/(10/(-2))*1 + 6. Give k(f).
20
Let a(h) = 0*h + 6 + 2*h**2 - 9 - 4*h. What is a(-2)?
13
Suppose 14*q + 1 = -27. Let k be (36/63)/((4/7)/q). Let b(d) = d**3 + 3*d**2 + 4*d + 3. What is b(k)?
-1
Let b(m) = 4*m + 37. Let k be (1/(-2))/(74/1628). What is b(k)?
-7
Let b(c) = -c**2 + 7*c - 10. Let f(k) = k - 1. Let j(z) = -b(z) + 5*f(z). Give j(4).
13
Suppose -3*l - 7 = -2*q + q, -l + q - 5 = 0. Let v(n) = -15 - 3 + 17 - 2*n + 8*n**2. Give v(l).
9
Let s = 5 - 5. Let u(z) be the second derivative of -z**4/24 + z**3/6 + 3*z**2 - 6*z. Let d(f) be the first derivative of u(f). Calculate d(s).
1
Let k(b) = 5*b - 4. Suppose 0 = -0*p - 4*p - 36. Let q = p - -5. Let x(l) = -11*l + 9. Let n(d) = q*x(d) - 9*k(d). Determine n(6).
-6
Let n(h) = h. Suppose -10*c = -14*c + 36. Let o be (-2)/(-9) - (-25)/c. Suppose o = 3*x + 6. Determine n(x).
-1
Let k(s) be the first derivative of -2*s**2 - 76. Give k(3).
-12
Suppose -4*h + 14 = -3*t, 2*t - 2*h + 6 = -0*h. Suppose -4*s + t*p - 8 = 0, 0 + 2 = -p. Let d be (s/9)/((-1)/(-6)). Let b(x) = -3*x**2 + 2. What is b(d)?
-10
Suppose -3*w = 2*l + 15, -7*w - 18 = -4*w + 3*l. Let f(i) = 3*i**2 + 10*i. What is f(w)?
-3
Let j(y) = 4 - 3*y + 5*y + y. Let r(l) = -3*l - 33. Let m be r(-13). Suppose -f + 2 - m = 0. Determine j(f).
-8
Let m(w) = -w**3 + w + 1. Let f(b) = b**3 + 4*b**2 + 2*b - 2. Let y(l) = -l + 16. Let h be y(15). Let j(u) = h*f(u) + 2*m(u). Determine j(5).
-5
Let k = 3 - 1. Let c(n) be the first derivative of 0*n + 17 + 1/2*n**2. Determine c(k).
2
Let m(r) = -r**2 - 6*r. Let k be (-4)/(1 + 1) - 4. Let h = 7 + k. Let q = h + -6. What is m(q)?
5
Let t(r) = 6*r - 6. Suppose -54 = 5*f - 3*b + 105, 3*b + 72 = -2*f. Let x = f + 37. Determine t(x).
18
Let k(s) = s**3 - 3*s**2 - 4*s - 7. Let d(m) = -3*m**3 + 9*m**2 + 13*m + 19. Let g(w) = 3*d(w) + 8*k(w). What is g(5)?
-14
Let p be (-3)/1*4/(-3). Let z(x) = -13*x - 15. Let h be z(-2). Let u(a) = 23*a - 6 + h*a - 30*a. Determine u(p).
10
Let l = 5 - 5. Let x(p) be the first derivative of l*p + p + p - 1 + p**2. Calculate x(-3).
-4
Let j(c) = 167 - c**2 - 2*c - 322 + 166. Give j(-5).
-4
Let g(k) = 3*k**2 + 9*k - 32. Let b(l) = -l**2 - 3*l + 11. Suppose -4*t + 0*q - 27 = -3*q, 3*t = 2*q - 20. Let r(u) = t*g(u) - 17*b(u). What is r(-4)?
1
Let v(f) = f**2 - 2*f - 10. Let y(u) = u**2 - 6*u - 37. Let t be y(-4). Calculate v(t).
-7
Let i = -5 + 5. Let a(h) = 9*h - h**2 + i*h**2 - 3*h. Calculate a(6).
0
Let a(f) = -4*f**2 + 2*f**3 - 7*f - 2*f**3 + f**3 - 1 + 0. Let g be (-310)/62*(0 + -1). Calculate a(g).
-11
Let s(j) = -11*j - 14*j - 17*j + 4 + j**2 - 14*j + 57*j - j**3. Give s(0).
4
Let a(c) = -1 + 4*c**2 + 2 + 3*c - 3*c**2. Suppose 6 = -3*j + 3*b, 5*b + 0 - 6 = 3*j. Determine a(j).
-1
Suppose 19 + 5 = 12*t. Let r(u) = -2 - 550*u**2 + 544*u**t + u + 4. Give r(2).
-20
Suppose -78*x + 79*x + 9 = 0. Let c(w) = -w - 2. Let a(r) = -5*r - 9. Let q(u) = x*c(u) + 2*a(u). Calculate q(-7).
7
Let z(i) = -i + 13. Let s be z(6). Suppose -4*q - s = 2*o + 11, 2*q = -8. Let c(w) = 0*w - 2*w + 0 + 1. What is c(o)?
3
Let m be ((-10)/(-25))/((-2)/10) + 5. Let k = -10 + 22. Suppose k + 6 = m*w. Let r(j) = j**2 - 5*j - 3. Determine r(w).
3
Let a(d) be the first derivative of d**5/120 - d**4/6 - 25*d**3/3 - 27. Let v(p) be the third derivative of a(p). Determine v(6).
2
Let r(t) be the third derivative of t**5/60 + t**4/6 - t**3/3 + 349*t**2. Let h = -6 + 2. Calculate r(h).
-2
Let k(a) = -a - 3. Suppose -4*l + 0*l - 2*j = 12, 4*j = 3*l + 9. Give k(l).
0
Let d(j) = 2 + 2*j + j + 11*j**2 + j**2 + j**3 - 3*j. What is d(-12)?
2
Let s(t) be the second derivative of -t**5/20 - 7*t**4/12 + t**3/6 + t**2/2 + 2*t - 151. What is s(-7)?
-6
Suppose 2*g - 6*g - 52 = 0. Let c = g - -18. Let j(m) = -9 + 2 + 0*m - m. Calculate j(c).
-12
Let d(i) = -i**2 + 3*i + 6. Let v be 4 - 1 - (-23 + -3). Suppose -2*b + v = 5*m, -m - b = m - 12. Calculate d(m).
-4
Suppose -4*l - 1 - 7 = -4*m, l + 2*m + 8 = 0. Let c(i) = 0*i + 6*i**2 + 4*i + 4 - 5*i**2 + 2*i. Calculate c(l).
-4
Let p(o) = -o**3 - 4*o**2 + 2*o + 4. Suppose -5*u + 21 + 19 = 0. Let z be (-20)/u*18/(-15). Let g = -7 + z. Determine p(g).
-4
Let a = -40 + 45. Let d(z) be the third derivative of z**7/2520 - z**6/240 - 2*z**5/15 - 4*z**2. Let s(o) be the third derivative of d(o). What is s(a)?
7
Let b(c) = c**2 + 2. Let r = -152 - -156. What is b(r)?
18
Let g(w) = w**3 - 5*w**2 + 5*w - 2. Let p be (-4 - -2) + -1 + (6 - -74). Let l = 80 - p. Give g(l).
-5
Let m(g) = -g**3 + 20*g**2 + 1. Let d be m(20). Let h(z) = -z**3 + z**2 - 1. Let v(r) = 7*r**3 - 12*r**2 + 13. Let j(s) = d*v(s) + 6*h(s). What is j(5)?
-18
Suppose 0 = -5*t + 3*t + 4. Let g(v) = v**3 - 17*v**2 + 16*v + 5. Let j be g(16). Let u(o) = j*o - o**2 + 3 - 5 + 2*o - t. Give u(6).
2
Let j(d) = 2 + d + 4 + 3*d. Suppose 0 = -5*l - 2*n - 12, 17 = -4*l + 2*n - 7. Calculate j(l).
-10
Let t(q) = -4*q + 120. Let u be t(31). Let b(p) = p**3 + 5*p**2 - p. Calculate b(u).
20
Suppose 28 = -3*w - w. Let c(j) be the second derivative of -1/20*j**5 + 0*j**2 - 7/12*j**4 + 3*j + 0 + 1/6*j**3. What is c(w)?
-7
Let s(y) = -3*y**3 - 22*y**2 + 25*y + 21. Suppose 4 = 6*x + 16. Let n(i) = i**3 + 7*i**2 - 8*i - 7. Let d(m) = x*s(m) - 7*n(m). Determine d(-6).
7
Let q(p) = -p**2 + 8*p - 1. Let f be q(2). Let h(w) = -w**2 + 9*w + 14. Calculate h(f).
-8
Let q(h) = 12 - 20*h**2 - 19 + 14*h**2 + 5*h**2. Suppose 3*a + 5 = c, a + a = -5*c + 25. What is q(a)?
-7
Suppose 6 = m - 4*w, -2*m + 2 = 2*w - 5*w. Let t(b) = b**3 + b**2 - b + 2. What is t(m)?
0
Let m(z) = z + 4. Let x(k) = 9. Let f(q) = 4. Let t(a) = 7*f(a) - 3*x(a). Let v(s) = -m(s) + 3*t(s). Let n be v(-2). Let u(j) = -9*j**2 + j - 1. Give u(n).
-9
Let t(n) = -n + 1. Let u(q) = -6*q + 7 - 7. Let i(b) = -t(b) - u(b). Let w be (-1 + 2 + 0)*1. Calculate i(w).
6
Let k(y) = y - 163 - y**2 + 328 - 167 + 9*y**2. Determine k(1).
7
Let c(b) be the first derivative of 1/2*b**2 - 7/60*b**5 + 0*b + 1/24*b**4 + 0*b**3 + 5. Let u(o) be the second derivative of c(o). What is u(-1)?
-8
Let r(n) = 2*n**2 + n - 1. Let x(b) = -7*b**2 - 5*b + 6. Let c(m) = -5*r(m) - x(m). Let q = 4 - 7. Let z = -2 - q. Determine c(z).
-4
Let a(x) = x + 2. Suppose 4*w = 5*m - 4 + 22, 0 = -w + 5*m + 12. Suppose -5*p + 4*n = 0, -3*p + w*n + 6 = p. Determine a(p).
6
Let l be 1 + -3 - 8/4. Let i(u) be the first derivative of -u**5/60 - u**4/6 - u**3/2 - 13*u**2/2 + 12. Let g(n) be the second derivative of i(n). Give g(l).
-